{"id":4073,"date":"2026-04-08T22:49:30","date_gmt":"2026-04-08T22:49:30","guid":{"rendered":"https:\/\/www.palitosdealamo.cl\/?page_id=4073"},"modified":"2026-04-09T19:03:13","modified_gmt":"2026-04-09T19:03:13","slug":"tablas-para-picar-en-madera-de-distintos-tonos","status":"publish","type":"page","link":"https:\/\/www.palitosdealamo.cl\/?page_id=4073","title":{"rendered":"Tablas para picar en madera de distintos tonos"},"content":{"rendered":"\n<p>Ahora contamos con estas lindas tablas de madera para picar en madera nativa , roble , raul\u00ed\u00a0 olivillo\u00a0 alerce , es una combinaci\u00f3n de maderas nativas chilenas. Puedes recibirlas directamente en tu casa, con solo hacer el pago con tu tarjeta. Una vez entregado el producto pagas el env\u00edo. Cotiza estos productos a trav\u00e9s de nuestro n\u00famero de tel\u00e9fono y whatsapp.<\/p>\n\n\n\n<figure class=\"wp-block-gallery has-nested-images columns-2 is-cropped wp-block-gallery-1 is-layout-flex wp-block-gallery-is-layout-flex\">\n<figure class=\"wp-block-image size-large\"><a href=\"https:\/\/www.palitosdealamo.cl\/wp-content\/uploads\/2026\/04\/tabla_picar-madera_rayas.jpg\"><img loading=\"lazy\" decoding=\"async\" width=\"800\" height=\"550\" data-id=\"4074\" src=\"https:\/\/www.palitosdealamo.cl\/wp-content\/uploads\/2026\/04\/tabla_picar-madera_rayas.jpg\" alt=\"\" class=\"wp-image-4074\" srcset=\"https:\/\/www.palitosdealamo.cl\/wp-content\/uploads\/2026\/04\/tabla_picar-madera_rayas.jpg 800w, https:\/\/www.palitosdealamo.cl\/wp-content\/uploads\/2026\/04\/tabla_picar-madera_rayas-300x206.jpg 300w, https:\/\/www.palitosdealamo.cl\/wp-content\/uploads\/2026\/04\/tabla_picar-madera_rayas-768x528.jpg 768w\" sizes=\"(max-width: 800px) 100vw, 800px\" \/><\/a><figcaption class=\"wp-element-caption\">62 x 29,5 cms.<\/figcaption><\/figure>\n\n\n\n<figure class=\"wp-block-image size-large\"><a href=\"https:\/\/www.palitosdealamo.cl\/wp-content\/uploads\/2026\/04\/tabla_picar-madera_rayas_03.jpg\"><img loading=\"lazy\" decoding=\"async\" width=\"800\" height=\"550\" data-id=\"4077\" src=\"https:\/\/www.palitosdealamo.cl\/wp-content\/uploads\/2026\/04\/tabla_picar-madera_rayas_03.jpg\" alt=\"\" class=\"wp-image-4077\" srcset=\"https:\/\/www.palitosdealamo.cl\/wp-content\/uploads\/2026\/04\/tabla_picar-madera_rayas_03.jpg 800w, https:\/\/www.palitosdealamo.cl\/wp-content\/uploads\/2026\/04\/tabla_picar-madera_rayas_03-300x206.jpg 300w, https:\/\/www.palitosdealamo.cl\/wp-content\/uploads\/2026\/04\/tabla_picar-madera_rayas_03-768x528.jpg 768w\" sizes=\"(max-width: 800px) 100vw, 800px\" \/><\/a><figcaption class=\"wp-element-caption\">47 cms. di\u00e1metro<\/figcaption><\/figure>\n\n\n\n<figure class=\"wp-block-image size-full\"><a href=\"http:\/\/www.palitosdealamo.cl\/wp-content\/uploads\/2026\/04\/tabla_picar-madera_rayas_02.jpg\"><img loading=\"lazy\" decoding=\"async\" width=\"800\" height=\"550\" data-id=\"4076\" src=\"http:\/\/www.palitosdealamo.cl\/wp-content\/uploads\/2026\/04\/tabla_picar-madera_rayas_02.jpg\" alt=\"\" class=\"wp-image-4076\" srcset=\"https:\/\/www.palitosdealamo.cl\/wp-content\/uploads\/2026\/04\/tabla_picar-madera_rayas_02.jpg 800w, https:\/\/www.palitosdealamo.cl\/wp-content\/uploads\/2026\/04\/tabla_picar-madera_rayas_02-300x206.jpg 300w, https:\/\/www.palitosdealamo.cl\/wp-content\/uploads\/2026\/04\/tabla_picar-madera_rayas_02-768x528.jpg 768w\" sizes=\"(max-width: 800px) 100vw, 800px\" \/><\/a><figcaption class=\"wp-element-caption\"> 66 x 29 cms.<\/figcaption><\/figure>\n\n\n\n<figure class=\"wp-block-image size-large\"><a href=\"https:\/\/www.palitosdealamo.cl\/wp-content\/uploads\/2026\/04\/tabla_picar-madera_rayas_05.jpg\"><img loading=\"lazy\" decoding=\"async\" width=\"800\" height=\"550\" data-id=\"4082\" src=\"https:\/\/www.palitosdealamo.cl\/wp-content\/uploads\/2026\/04\/tabla_picar-madera_rayas_05.jpg\" alt=\"\" class=\"wp-image-4082\" srcset=\"https:\/\/www.palitosdealamo.cl\/wp-content\/uploads\/2026\/04\/tabla_picar-madera_rayas_05.jpg 800w, https:\/\/www.palitosdealamo.cl\/wp-content\/uploads\/2026\/04\/tabla_picar-madera_rayas_05-300x206.jpg 300w, https:\/\/www.palitosdealamo.cl\/wp-content\/uploads\/2026\/04\/tabla_picar-madera_rayas_05-768x528.jpg 768w\" sizes=\"(max-width: 800px) 100vw, 800px\" \/><\/a><figcaption class=\"wp-element-caption\">66,5 x 27 cms.<\/figcaption><\/figure>\n\n\n\n<figure class=\"wp-block-image size-large\"><a href=\"https:\/\/www.palitosdealamo.cl\/wp-content\/uploads\/2026\/04\/tabla_picar-madera_rayas_06.jpg\"><img loading=\"lazy\" decoding=\"async\" width=\"800\" height=\"550\" data-id=\"4083\" src=\"https:\/\/www.palitosdealamo.cl\/wp-content\/uploads\/2026\/04\/tabla_picar-madera_rayas_06.jpg\" alt=\"\" class=\"wp-image-4083\" srcset=\"https:\/\/www.palitosdealamo.cl\/wp-content\/uploads\/2026\/04\/tabla_picar-madera_rayas_06.jpg 800w, https:\/\/www.palitosdealamo.cl\/wp-content\/uploads\/2026\/04\/tabla_picar-madera_rayas_06-300x206.jpg 300w, https:\/\/www.palitosdealamo.cl\/wp-content\/uploads\/2026\/04\/tabla_picar-madera_rayas_06-768x528.jpg 768w\" sizes=\"(max-width: 800px) 100vw, 800px\" \/><\/a><figcaption class=\"wp-element-caption\">58,5 x 19,5 cms &#8211; 64,5 x 18<\/figcaption><\/figure>\n<\/figure>\n","protected":false},"excerpt":{"rendered":"<p>Ahora contamos con estas lindas tablas de madera para picar en madera nativa , roble , raul\u00ed\u00a0 olivillo\u00a0 alerce , es una combinaci\u00f3n de maderas nativas chilenas. Puedes recibirlas directamente en tu casa, con solo hacer el pago con tu tarjeta. Una vez entregado el producto pagas el env\u00edo. Cotiza estos productos a trav\u00e9s de [&hellip;]<\/p>\n","protected":false},"author":1,"featured_media":0,"parent":0,"menu_order":0,"comment_status":"closed","ping_status":"closed","template":"","meta":{"content-type":"","footnotes":""},"_links":{"self":[{"href":"https:\/\/www.palitosdealamo.cl\/index.php?rest_route=\/wp\/v2\/pages\/4073"}],"collection":[{"href":"https:\/\/www.palitosdealamo.cl\/index.php?rest_route=\/wp\/v2\/pages"}],"about":[{"href":"https:\/\/www.palitosdealamo.cl\/index.php?rest_route=\/wp\/v2\/types\/page"}],"author":[{"embeddable":true,"href":"https:\/\/www.palitosdealamo.cl\/index.php?rest_route=\/wp\/v2\/users\/1"}],"replies":[{"embeddable":true,"href":"https:\/\/www.palitosdealamo.cl\/index.php?rest_route=%2Fwp%2Fv2%2Fcomments&post=4073"}],"version-history":[{"count":7,"href":"https:\/\/www.palitosdealamo.cl\/index.php?rest_route=\/wp\/v2\/pages\/4073\/revisions"}],"predecessor-version":[{"id":4091,"href":"https:\/\/www.palitosdealamo.cl\/index.php?rest_route=\/wp\/v2\/pages\/4073\/revisions\/4091"}],"wp:attachment":[{"href":"https:\/\/www.palitosdealamo.cl\/index.php?rest_route=%2Fwp%2Fv2%2Fmedia&parent=4073"}],"curies":[{"name":"wp","href":"https:\/\/api.w.org\/{rel}","templated":true}]}}