{"id":4019,"date":"2026-02-09T17:43:05","date_gmt":"2026-02-09T17:43:05","guid":{"rendered":"https:\/\/www.palitosdealamo.cl\/?page_id=4019"},"modified":"2026-02-20T17:07:09","modified_gmt":"2026-02-20T17:07:09","slug":"alcuzas-con-logotipo-grabado","status":"publish","type":"page","link":"https:\/\/www.palitosdealamo.cl\/?page_id=4019","title":{"rendered":"Alcuzas con logotipo grabado"},"content":{"rendered":"<p style=\"text-align: left;\">En HT fabricamos todo tipo de alcuzas de madera. Tambi\u00e9n contamos con todo tipo de dise\u00f1os de alcuzas a pedido, con grabado l\u00e1ser y terminaciones especiales. Traiga sus ideas y cotice su proyecto con nosotros. Cada producto se cotiza seg\u00fan los requerimientos especiales de cada uno.\u00a0<\/p>\n<p style=\"text-align: center;\">\u00a0<\/p>\n\n\n<figure class=\"wp-block-video\"><video controls src=\"https:\/\/www.palitosdealamo.cl\/wp-content\/uploads\/2026\/02\/video_alcuzas_madera4.mp4\"><\/video><\/figure>\n\n\n\n<hr class=\"wp-block-separator has-text-color has-white-color has-alpha-channel-opacity has-white-background-color has-background\"\/>\n\n\n\n<figure class=\"wp-block-gallery has-nested-images columns-3 is-cropped wp-block-gallery-1 is-layout-flex wp-block-gallery-is-layout-flex\">\n<figure class=\"wp-block-image size-large\"><a href=\"https:\/\/www.palitosdealamo.cl\/wp-content\/uploads\/2026\/02\/alcuza-00.jpg\"><img loading=\"lazy\" decoding=\"async\" width=\"400\" height=\"400\" data-id=\"4025\" src=\"https:\/\/www.palitosdealamo.cl\/wp-content\/uploads\/2026\/02\/alcuza-00.jpg\" alt=\"\" class=\"wp-image-4025\" srcset=\"https:\/\/www.palitosdealamo.cl\/wp-content\/uploads\/2026\/02\/alcuza-00.jpg 400w, https:\/\/www.palitosdealamo.cl\/wp-content\/uploads\/2026\/02\/alcuza-00-300x300.jpg 300w, https:\/\/www.palitosdealamo.cl\/wp-content\/uploads\/2026\/02\/alcuza-00-150x150.jpg 150w, https:\/\/www.palitosdealamo.cl\/wp-content\/uploads\/2026\/02\/alcuza-00-160x160.jpg 160w\" sizes=\"(max-width: 400px) 100vw, 400px\" \/><\/a><\/figure>\n\n\n\n<figure class=\"wp-block-image size-large\"><a href=\"https:\/\/www.palitosdealamo.cl\/wp-content\/uploads\/2026\/02\/alcuza-01.jpg\"><img loading=\"lazy\" decoding=\"async\" width=\"400\" height=\"400\" data-id=\"4026\" src=\"https:\/\/www.palitosdealamo.cl\/wp-content\/uploads\/2026\/02\/alcuza-01.jpg\" alt=\"\" class=\"wp-image-4026\" srcset=\"https:\/\/www.palitosdealamo.cl\/wp-content\/uploads\/2026\/02\/alcuza-01.jpg 400w, https:\/\/www.palitosdealamo.cl\/wp-content\/uploads\/2026\/02\/alcuza-01-300x300.jpg 300w, https:\/\/www.palitosdealamo.cl\/wp-content\/uploads\/2026\/02\/alcuza-01-150x150.jpg 150w, https:\/\/www.palitosdealamo.cl\/wp-content\/uploads\/2026\/02\/alcuza-01-160x160.jpg 160w\" sizes=\"(max-width: 400px) 100vw, 400px\" \/><\/a><\/figure>\n\n\n\n<figure class=\"wp-block-image size-large\"><a href=\"https:\/\/www.palitosdealamo.cl\/wp-content\/uploads\/2026\/02\/alcuza-02.jpg\"><img loading=\"lazy\" decoding=\"async\" width=\"400\" height=\"400\" data-id=\"4022\" src=\"https:\/\/www.palitosdealamo.cl\/wp-content\/uploads\/2026\/02\/alcuza-02.jpg\" alt=\"\" class=\"wp-image-4022\" srcset=\"https:\/\/www.palitosdealamo.cl\/wp-content\/uploads\/2026\/02\/alcuza-02.jpg 400w, https:\/\/www.palitosdealamo.cl\/wp-content\/uploads\/2026\/02\/alcuza-02-300x300.jpg 300w, https:\/\/www.palitosdealamo.cl\/wp-content\/uploads\/2026\/02\/alcuza-02-150x150.jpg 150w, https:\/\/www.palitosdealamo.cl\/wp-content\/uploads\/2026\/02\/alcuza-02-160x160.jpg 160w\" sizes=\"(max-width: 400px) 100vw, 400px\" \/><\/a><\/figure>\n\n\n\n<figure class=\"wp-block-image size-large\"><a href=\"https:\/\/www.palitosdealamo.cl\/wp-content\/uploads\/2026\/02\/alcuza-03.jpg\"><img loading=\"lazy\" decoding=\"async\" width=\"400\" height=\"400\" data-id=\"4027\" src=\"https:\/\/www.palitosdealamo.cl\/wp-content\/uploads\/2026\/02\/alcuza-03.jpg\" alt=\"\" class=\"wp-image-4027\" srcset=\"https:\/\/www.palitosdealamo.cl\/wp-content\/uploads\/2026\/02\/alcuza-03.jpg 400w, https:\/\/www.palitosdealamo.cl\/wp-content\/uploads\/2026\/02\/alcuza-03-300x300.jpg 300w, https:\/\/www.palitosdealamo.cl\/wp-content\/uploads\/2026\/02\/alcuza-03-150x150.jpg 150w, https:\/\/www.palitosdealamo.cl\/wp-content\/uploads\/2026\/02\/alcuza-03-160x160.jpg 160w\" sizes=\"(max-width: 400px) 100vw, 400px\" \/><\/a><\/figure>\n\n\n\n<figure class=\"wp-block-image size-large\"><a href=\"https:\/\/www.palitosdealamo.cl\/wp-content\/uploads\/2026\/02\/alcuza-04.jpg\"><img loading=\"lazy\" decoding=\"async\" width=\"400\" height=\"400\" data-id=\"4024\" src=\"https:\/\/www.palitosdealamo.cl\/wp-content\/uploads\/2026\/02\/alcuza-04.jpg\" alt=\"\" class=\"wp-image-4024\" srcset=\"https:\/\/www.palitosdealamo.cl\/wp-content\/uploads\/2026\/02\/alcuza-04.jpg 400w, https:\/\/www.palitosdealamo.cl\/wp-content\/uploads\/2026\/02\/alcuza-04-300x300.jpg 300w, https:\/\/www.palitosdealamo.cl\/wp-content\/uploads\/2026\/02\/alcuza-04-150x150.jpg 150w, https:\/\/www.palitosdealamo.cl\/wp-content\/uploads\/2026\/02\/alcuza-04-160x160.jpg 160w\" sizes=\"(max-width: 400px) 100vw, 400px\" \/><\/a><\/figure>\n\n\n\n<figure class=\"wp-block-image size-full\"><a href=\"http:\/\/www.palitosdealamo.cl\/wp-content\/uploads\/2026\/02\/alcuza-05.jpg\"><img loading=\"lazy\" decoding=\"async\" width=\"400\" height=\"400\" data-id=\"4023\" src=\"http:\/\/www.palitosdealamo.cl\/wp-content\/uploads\/2026\/02\/alcuza-05.jpg\" alt=\"\" class=\"wp-image-4023\" srcset=\"https:\/\/www.palitosdealamo.cl\/wp-content\/uploads\/2026\/02\/alcuza-05.jpg 400w, https:\/\/www.palitosdealamo.cl\/wp-content\/uploads\/2026\/02\/alcuza-05-300x300.jpg 300w, https:\/\/www.palitosdealamo.cl\/wp-content\/uploads\/2026\/02\/alcuza-05-150x150.jpg 150w, https:\/\/www.palitosdealamo.cl\/wp-content\/uploads\/2026\/02\/alcuza-05-160x160.jpg 160w\" sizes=\"(max-width: 400px) 100vw, 400px\" \/><\/a><\/figure>\n<\/figure>\n\n\n\n<hr class=\"wp-block-separator has-text-color has-white-color has-alpha-channel-opacity has-white-background-color has-background\"\/>\n\n\n\n<p class=\"has-text-align-center has-black-color has-text-color has-link-color has-medium-font-size wp-elements-4b2225fb737fef7c3932b96bd3a62691\"><\/p>\n\n\n\n<p class=\"has-text-align-center\"><\/p>\n","protected":false},"excerpt":{"rendered":"<p>En HT fabricamos todo tipo de alcuzas de madera. Tambi\u00e9n contamos con todo tipo de dise\u00f1os de alcuzas a pedido, con grabado l\u00e1ser y terminaciones especiales. Traiga sus ideas y cotice su proyecto con nosotros. Cada producto se cotiza seg\u00fan los requerimientos especiales de cada uno.\u00a0 \u00a0<\/p>\n","protected":false},"author":1,"featured_media":0,"parent":0,"menu_order":0,"comment_status":"closed","ping_status":"closed","template":"","meta":{"content-type":"","footnotes":""},"_links":{"self":[{"href":"https:\/\/www.palitosdealamo.cl\/index.php?rest_route=\/wp\/v2\/pages\/4019"}],"collection":[{"href":"https:\/\/www.palitosdealamo.cl\/index.php?rest_route=\/wp\/v2\/pages"}],"about":[{"href":"https:\/\/www.palitosdealamo.cl\/index.php?rest_route=\/wp\/v2\/types\/page"}],"author":[{"embeddable":true,"href":"https:\/\/www.palitosdealamo.cl\/index.php?rest_route=\/wp\/v2\/users\/1"}],"replies":[{"embeddable":true,"href":"https:\/\/www.palitosdealamo.cl\/index.php?rest_route=%2Fwp%2Fv2%2Fcomments&post=4019"}],"version-history":[{"count":21,"href":"https:\/\/www.palitosdealamo.cl\/index.php?rest_route=\/wp\/v2\/pages\/4019\/revisions"}],"predecessor-version":[{"id":4060,"href":"https:\/\/www.palitosdealamo.cl\/index.php?rest_route=\/wp\/v2\/pages\/4019\/revisions\/4060"}],"wp:attachment":[{"href":"https:\/\/www.palitosdealamo.cl\/index.php?rest_route=%2Fwp%2Fv2%2Fmedia&parent=4019"}],"curies":[{"name":"wp","href":"https:\/\/api.w.org\/{rel}","templated":true}]}}