{"id":3825,"date":"2024-07-24T20:13:43","date_gmt":"2024-07-24T20:13:43","guid":{"rendered":"https:\/\/www.palitosdealamo.cl\/?page_id=3825"},"modified":"2024-07-24T20:32:56","modified_gmt":"2024-07-24T20:32:56","slug":"ehibidor-de-maiz","status":"publish","type":"page","link":"https:\/\/www.palitosdealamo.cl\/?page_id=3825","title":{"rendered":"Ehibidor de ma\u00edz"},"content":{"rendered":"\n<p>Ehibidor de ma\u00edz de madera terciada con vidrio y logos en grabado l\u00e1ser. Este trabajo fu\u00e9 hecho a pedido.<\/p>\n\n\n\n<figure class=\"wp-block-gallery has-nested-images columns-2 is-cropped wp-block-gallery-1 is-layout-flex wp-block-gallery-is-layout-flex\">\n<figure class=\"wp-block-image size-large\"><a href=\"https:\/\/www.palitosdealamo.cl\/wp-content\/uploads\/2024\/07\/exhibidor_maiz_madera-3.jpg\"><img loading=\"lazy\" decoding=\"async\" width=\"750\" height=\"490\" data-id=\"3826\" src=\"https:\/\/www.palitosdealamo.cl\/wp-content\/uploads\/2024\/07\/exhibidor_maiz_madera-3.jpg\" alt=\"\" class=\"wp-image-3826\" srcset=\"https:\/\/www.palitosdealamo.cl\/wp-content\/uploads\/2024\/07\/exhibidor_maiz_madera-3.jpg 750w, https:\/\/www.palitosdealamo.cl\/wp-content\/uploads\/2024\/07\/exhibidor_maiz_madera-3-300x196.jpg 300w\" sizes=\"(max-width: 750px) 100vw, 750px\" \/><\/a><\/figure>\n\n\n\n<figure class=\"wp-block-image size-large\"><a href=\"https:\/\/www.palitosdealamo.cl\/wp-content\/uploads\/2024\/07\/exhibidor_maiz_madera_01-2.jpg\"><img loading=\"lazy\" decoding=\"async\" width=\"750\" height=\"490\" data-id=\"3827\" src=\"https:\/\/www.palitosdealamo.cl\/wp-content\/uploads\/2024\/07\/exhibidor_maiz_madera_01-2.jpg\" alt=\"\" class=\"wp-image-3827\" srcset=\"https:\/\/www.palitosdealamo.cl\/wp-content\/uploads\/2024\/07\/exhibidor_maiz_madera_01-2.jpg 750w, https:\/\/www.palitosdealamo.cl\/wp-content\/uploads\/2024\/07\/exhibidor_maiz_madera_01-2-300x196.jpg 300w\" sizes=\"(max-width: 750px) 100vw, 750px\" \/><\/a><\/figure>\n\n\n\n<figure class=\"wp-block-image size-large\"><a href=\"https:\/\/www.palitosdealamo.cl\/wp-content\/uploads\/2024\/07\/exhibidor_maiz_madera_02-2.jpg\"><img loading=\"lazy\" decoding=\"async\" width=\"750\" height=\"490\" data-id=\"3829\" src=\"https:\/\/www.palitosdealamo.cl\/wp-content\/uploads\/2024\/07\/exhibidor_maiz_madera_02-2.jpg\" alt=\"\" class=\"wp-image-3829\" srcset=\"https:\/\/www.palitosdealamo.cl\/wp-content\/uploads\/2024\/07\/exhibidor_maiz_madera_02-2.jpg 750w, https:\/\/www.palitosdealamo.cl\/wp-content\/uploads\/2024\/07\/exhibidor_maiz_madera_02-2-300x196.jpg 300w\" sizes=\"(max-width: 750px) 100vw, 750px\" \/><\/a><\/figure>\n\n\n\n<figure class=\"wp-block-image size-large\"><a href=\"https:\/\/www.palitosdealamo.cl\/wp-content\/uploads\/2024\/07\/exhibidor_maiz_madera_03-2.jpg\"><img loading=\"lazy\" decoding=\"async\" width=\"750\" height=\"490\" data-id=\"3828\" src=\"https:\/\/www.palitosdealamo.cl\/wp-content\/uploads\/2024\/07\/exhibidor_maiz_madera_03-2.jpg\" alt=\"\" class=\"wp-image-3828\" srcset=\"https:\/\/www.palitosdealamo.cl\/wp-content\/uploads\/2024\/07\/exhibidor_maiz_madera_03-2.jpg 750w, https:\/\/www.palitosdealamo.cl\/wp-content\/uploads\/2024\/07\/exhibidor_maiz_madera_03-2-300x196.jpg 300w\" sizes=\"(max-width: 750px) 100vw, 750px\" \/><\/a><\/figure>\n\n\n\n<figure class=\"wp-block-image size-large\"><a href=\"https:\/\/www.palitosdealamo.cl\/wp-content\/uploads\/2024\/07\/exhibidor_maiz_madera_04-2.jpg\"><img loading=\"lazy\" decoding=\"async\" width=\"750\" height=\"490\" data-id=\"3830\" src=\"https:\/\/www.palitosdealamo.cl\/wp-content\/uploads\/2024\/07\/exhibidor_maiz_madera_04-2.jpg\" alt=\"\" class=\"wp-image-3830\" srcset=\"https:\/\/www.palitosdealamo.cl\/wp-content\/uploads\/2024\/07\/exhibidor_maiz_madera_04-2.jpg 750w, https:\/\/www.palitosdealamo.cl\/wp-content\/uploads\/2024\/07\/exhibidor_maiz_madera_04-2-300x196.jpg 300w\" sizes=\"(max-width: 750px) 100vw, 750px\" \/><\/a><\/figure>\n\n\n\n<figure class=\"wp-block-image size-large\"><a href=\"https:\/\/www.palitosdealamo.cl\/wp-content\/uploads\/2024\/07\/exhibidor_maiz_madera_05-2.jpg\"><img loading=\"lazy\" decoding=\"async\" width=\"750\" height=\"490\" data-id=\"3831\" src=\"https:\/\/www.palitosdealamo.cl\/wp-content\/uploads\/2024\/07\/exhibidor_maiz_madera_05-2.jpg\" alt=\"\" class=\"wp-image-3831\" srcset=\"https:\/\/www.palitosdealamo.cl\/wp-content\/uploads\/2024\/07\/exhibidor_maiz_madera_05-2.jpg 750w, https:\/\/www.palitosdealamo.cl\/wp-content\/uploads\/2024\/07\/exhibidor_maiz_madera_05-2-300x196.jpg 300w\" sizes=\"(max-width: 750px) 100vw, 750px\" \/><\/a><\/figure>\n<\/figure>\n","protected":false},"excerpt":{"rendered":"<p>Ehibidor de ma\u00edz de madera terciada con vidrio y logos en grabado l\u00e1ser. Este trabajo fu\u00e9 hecho a pedido.<\/p>\n","protected":false},"author":1,"featured_media":0,"parent":0,"menu_order":0,"comment_status":"closed","ping_status":"closed","template":"","meta":{"content-type":"","footnotes":""},"_links":{"self":[{"href":"https:\/\/www.palitosdealamo.cl\/index.php?rest_route=\/wp\/v2\/pages\/3825"}],"collection":[{"href":"https:\/\/www.palitosdealamo.cl\/index.php?rest_route=\/wp\/v2\/pages"}],"about":[{"href":"https:\/\/www.palitosdealamo.cl\/index.php?rest_route=\/wp\/v2\/types\/page"}],"author":[{"embeddable":true,"href":"https:\/\/www.palitosdealamo.cl\/index.php?rest_route=\/wp\/v2\/users\/1"}],"replies":[{"embeddable":true,"href":"https:\/\/www.palitosdealamo.cl\/index.php?rest_route=%2Fwp%2Fv2%2Fcomments&post=3825"}],"version-history":[{"count":2,"href":"https:\/\/www.palitosdealamo.cl\/index.php?rest_route=\/wp\/v2\/pages\/3825\/revisions"}],"predecessor-version":[{"id":3846,"href":"https:\/\/www.palitosdealamo.cl\/index.php?rest_route=\/wp\/v2\/pages\/3825\/revisions\/3846"}],"wp:attachment":[{"href":"https:\/\/www.palitosdealamo.cl\/index.php?rest_route=%2Fwp%2Fv2%2Fmedia&parent=3825"}],"curies":[{"name":"wp","href":"https:\/\/api.w.org\/{rel}","templated":true}]}}