{"id":3771,"date":"2024-07-19T23:33:41","date_gmt":"2024-07-19T23:33:41","guid":{"rendered":"https:\/\/www.palitosdealamo.cl\/?page_id=3771"},"modified":"2026-02-20T17:23:34","modified_gmt":"2026-02-20T17:23:34","slug":"caja-para-guardar-celulares","status":"publish","type":"page","link":"https:\/\/www.palitosdealamo.cl\/?page_id=3771","title":{"rendered":"Caja para guardar celulares"},"content":{"rendered":"\n<p>Caja de madera compartimentada y numerada ideal para que los alumnos de colegio puedan guardar sus tel\u00e9fonos m\u00f3viles al comienzo de la clase y luego retirarlos al final de la clase. Est\u00e1 elaborado en madera terciada, cuenta con una puerta con cubierta de vidrio y un cierre met\u00e1lico para candado. Puede llevar grabado el logotipo de la instituci\u00f3n.<\/p>\n\n\n\n<figure class=\"wp-block-gallery has-nested-images columns-4 is-cropped wp-block-gallery-1 is-layout-flex wp-block-gallery-is-layout-flex\">\n<figure class=\"wp-block-image size-full\"><a href=\"https:\/\/www.palitosdealamo.cl\/wp-content\/uploads\/2026\/01\/caja_celulares_colegios_17.jpg\"><img loading=\"lazy\" decoding=\"async\" width=\"600\" height=\"800\" data-id=\"3958\" src=\"https:\/\/www.palitosdealamo.cl\/wp-content\/uploads\/2026\/01\/caja_celulares_colegios_17.jpg\" alt=\"\" class=\"wp-image-3958\" srcset=\"https:\/\/www.palitosdealamo.cl\/wp-content\/uploads\/2026\/01\/caja_celulares_colegios_17.jpg 600w, https:\/\/www.palitosdealamo.cl\/wp-content\/uploads\/2026\/01\/caja_celulares_colegios_17-225x300.jpg 225w\" sizes=\"(max-width: 600px) 100vw, 600px\" \/><\/a><\/figure>\n\n\n\n<figure class=\"wp-block-image size-full\"><a href=\"https:\/\/www.palitosdealamo.cl\/wp-content\/uploads\/2026\/01\/caja_celulares_colegios_25.jpg\"><img loading=\"lazy\" decoding=\"async\" width=\"600\" height=\"800\" data-id=\"3959\" src=\"https:\/\/www.palitosdealamo.cl\/wp-content\/uploads\/2026\/01\/caja_celulares_colegios_25.jpg\" alt=\"\" class=\"wp-image-3959\" srcset=\"https:\/\/www.palitosdealamo.cl\/wp-content\/uploads\/2026\/01\/caja_celulares_colegios_25.jpg 600w, https:\/\/www.palitosdealamo.cl\/wp-content\/uploads\/2026\/01\/caja_celulares_colegios_25-225x300.jpg 225w\" sizes=\"(max-width: 600px) 100vw, 600px\" \/><\/a><\/figure>\n\n\n\n<figure class=\"wp-block-image size-full\"><a href=\"https:\/\/www.palitosdealamo.cl\/wp-content\/uploads\/2026\/01\/caja_celulares_colegios_26-1.jpg\"><img loading=\"lazy\" decoding=\"async\" width=\"600\" height=\"800\" data-id=\"3966\" src=\"https:\/\/www.palitosdealamo.cl\/wp-content\/uploads\/2026\/01\/caja_celulares_colegios_26-1.jpg\" alt=\"\" class=\"wp-image-3966\" srcset=\"https:\/\/www.palitosdealamo.cl\/wp-content\/uploads\/2026\/01\/caja_celulares_colegios_26-1.jpg 600w, https:\/\/www.palitosdealamo.cl\/wp-content\/uploads\/2026\/01\/caja_celulares_colegios_26-1-225x300.jpg 225w\" sizes=\"(max-width: 600px) 100vw, 600px\" \/><\/a><\/figure>\n\n\n\n<figure class=\"wp-block-image size-full\"><a href=\"https:\/\/www.palitosdealamo.cl\/wp-content\/uploads\/2026\/01\/caja_celulares_colegios_24.jpg\"><img loading=\"lazy\" decoding=\"async\" width=\"600\" height=\"800\" data-id=\"3965\" src=\"https:\/\/www.palitosdealamo.cl\/wp-content\/uploads\/2026\/01\/caja_celulares_colegios_24.jpg\" alt=\"\" class=\"wp-image-3965\" srcset=\"https:\/\/www.palitosdealamo.cl\/wp-content\/uploads\/2026\/01\/caja_celulares_colegios_24.jpg 600w, https:\/\/www.palitosdealamo.cl\/wp-content\/uploads\/2026\/01\/caja_celulares_colegios_24-225x300.jpg 225w\" sizes=\"(max-width: 600px) 100vw, 600px\" \/><\/a><\/figure>\n\n\n\n<figure class=\"wp-block-image size-full\"><a href=\"https:\/\/www.palitosdealamo.cl\/wp-content\/uploads\/2026\/01\/caja_celulares_colegios_19.jpg\"><img loading=\"lazy\" decoding=\"async\" width=\"600\" height=\"800\" data-id=\"3972\" src=\"https:\/\/www.palitosdealamo.cl\/wp-content\/uploads\/2026\/01\/caja_celulares_colegios_19.jpg\" alt=\"\" class=\"wp-image-3972\" srcset=\"https:\/\/www.palitosdealamo.cl\/wp-content\/uploads\/2026\/01\/caja_celulares_colegios_19.jpg 600w, https:\/\/www.palitosdealamo.cl\/wp-content\/uploads\/2026\/01\/caja_celulares_colegios_19-225x300.jpg 225w\" sizes=\"(max-width: 600px) 100vw, 600px\" \/><\/a><\/figure>\n\n\n\n<figure class=\"wp-block-image size-full\"><a href=\"https:\/\/www.palitosdealamo.cl\/wp-content\/uploads\/2026\/01\/caja_celulares_colegios_20.jpg\"><img loading=\"lazy\" decoding=\"async\" width=\"600\" height=\"800\" data-id=\"3973\" src=\"https:\/\/www.palitosdealamo.cl\/wp-content\/uploads\/2026\/01\/caja_celulares_colegios_20.jpg\" alt=\"\" class=\"wp-image-3973\" srcset=\"https:\/\/www.palitosdealamo.cl\/wp-content\/uploads\/2026\/01\/caja_celulares_colegios_20.jpg 600w, https:\/\/www.palitosdealamo.cl\/wp-content\/uploads\/2026\/01\/caja_celulares_colegios_20-225x300.jpg 225w\" sizes=\"(max-width: 600px) 100vw, 600px\" \/><\/a><\/figure>\n\n\n\n<figure class=\"wp-block-image size-full\"><a href=\"https:\/\/www.palitosdealamo.cl\/wp-content\/uploads\/2026\/01\/caja_celulares_colegios_21.jpg\"><img loading=\"lazy\" decoding=\"async\" width=\"600\" height=\"800\" data-id=\"3974\" src=\"https:\/\/www.palitosdealamo.cl\/wp-content\/uploads\/2026\/01\/caja_celulares_colegios_21.jpg\" alt=\"\" class=\"wp-image-3974\" srcset=\"https:\/\/www.palitosdealamo.cl\/wp-content\/uploads\/2026\/01\/caja_celulares_colegios_21.jpg 600w, https:\/\/www.palitosdealamo.cl\/wp-content\/uploads\/2026\/01\/caja_celulares_colegios_21-225x300.jpg 225w\" sizes=\"(max-width: 600px) 100vw, 600px\" \/><\/a><\/figure>\n\n\n\n<figure class=\"wp-block-image size-full\"><a href=\"https:\/\/www.palitosdealamo.cl\/wp-content\/uploads\/2026\/01\/caja_celulares_colegios_22.jpg\"><img loading=\"lazy\" decoding=\"async\" width=\"600\" height=\"800\" data-id=\"3975\" src=\"https:\/\/www.palitosdealamo.cl\/wp-content\/uploads\/2026\/01\/caja_celulares_colegios_22.jpg\" alt=\"\" class=\"wp-image-3975\" srcset=\"https:\/\/www.palitosdealamo.cl\/wp-content\/uploads\/2026\/01\/caja_celulares_colegios_22.jpg 600w, https:\/\/www.palitosdealamo.cl\/wp-content\/uploads\/2026\/01\/caja_celulares_colegios_22-225x300.jpg 225w\" sizes=\"(max-width: 600px) 100vw, 600px\" \/><\/a><\/figure>\n\n\n\n<figure class=\"wp-block-image size-full\"><a href=\"https:\/\/www.palitosdealamo.cl\/wp-content\/uploads\/2026\/01\/caja_celulares_colegios_25-1.jpg\"><img loading=\"lazy\" decoding=\"async\" width=\"600\" height=\"800\" data-id=\"3964\" src=\"https:\/\/www.palitosdealamo.cl\/wp-content\/uploads\/2026\/01\/caja_celulares_colegios_25-1.jpg\" alt=\"\" class=\"wp-image-3964\" srcset=\"https:\/\/www.palitosdealamo.cl\/wp-content\/uploads\/2026\/01\/caja_celulares_colegios_25-1.jpg 600w, https:\/\/www.palitosdealamo.cl\/wp-content\/uploads\/2026\/01\/caja_celulares_colegios_25-1-225x300.jpg 225w\" sizes=\"(max-width: 600px) 100vw, 600px\" \/><\/a><\/figure>\n\n\n\n<figure class=\"wp-block-image size-full\"><a href=\"https:\/\/www.palitosdealamo.cl\/wp-content\/uploads\/2026\/01\/caja_celulares_colegios_26.jpg\"><img loading=\"lazy\" decoding=\"async\" width=\"600\" height=\"800\" data-id=\"3963\" src=\"https:\/\/www.palitosdealamo.cl\/wp-content\/uploads\/2026\/01\/caja_celulares_colegios_26.jpg\" alt=\"\" class=\"wp-image-3963\" srcset=\"https:\/\/www.palitosdealamo.cl\/wp-content\/uploads\/2026\/01\/caja_celulares_colegios_26.jpg 600w, https:\/\/www.palitosdealamo.cl\/wp-content\/uploads\/2026\/01\/caja_celulares_colegios_26-225x300.jpg 225w\" sizes=\"(max-width: 600px) 100vw, 600px\" \/><\/a><\/figure>\n\n\n\n<figure class=\"wp-block-image size-full\"><a href=\"https:\/\/www.palitosdealamo.cl\/wp-content\/uploads\/2026\/01\/caja_celulares_colegios_27.jpg\"><img loading=\"lazy\" decoding=\"async\" width=\"600\" height=\"800\" data-id=\"3962\" src=\"https:\/\/www.palitosdealamo.cl\/wp-content\/uploads\/2026\/01\/caja_celulares_colegios_27.jpg\" alt=\"\" class=\"wp-image-3962\" srcset=\"https:\/\/www.palitosdealamo.cl\/wp-content\/uploads\/2026\/01\/caja_celulares_colegios_27.jpg 600w, https:\/\/www.palitosdealamo.cl\/wp-content\/uploads\/2026\/01\/caja_celulares_colegios_27-225x300.jpg 225w\" sizes=\"(max-width: 600px) 100vw, 600px\" \/><\/a><\/figure>\n\n\n\n<figure class=\"wp-block-image size-full\"><a href=\"https:\/\/www.palitosdealamo.cl\/wp-content\/uploads\/2026\/01\/caja_celulares_colegios_28.jpg\"><img loading=\"lazy\" decoding=\"async\" width=\"600\" height=\"800\" data-id=\"3961\" src=\"https:\/\/www.palitosdealamo.cl\/wp-content\/uploads\/2026\/01\/caja_celulares_colegios_28.jpg\" alt=\"\" class=\"wp-image-3961\" srcset=\"https:\/\/www.palitosdealamo.cl\/wp-content\/uploads\/2026\/01\/caja_celulares_colegios_28.jpg 600w, https:\/\/www.palitosdealamo.cl\/wp-content\/uploads\/2026\/01\/caja_celulares_colegios_28-225x300.jpg 225w\" sizes=\"(max-width: 600px) 100vw, 600px\" \/><\/a><\/figure>\n\n\n\n<figure class=\"wp-block-image size-full\"><a href=\"https:\/\/www.palitosdealamo.cl\/wp-content\/uploads\/2026\/01\/caja_celulares_colegios_30.jpg\"><img loading=\"lazy\" decoding=\"async\" width=\"600\" height=\"800\" data-id=\"3970\" src=\"https:\/\/www.palitosdealamo.cl\/wp-content\/uploads\/2026\/01\/caja_celulares_colegios_30.jpg\" alt=\"\" class=\"wp-image-3970\" srcset=\"https:\/\/www.palitosdealamo.cl\/wp-content\/uploads\/2026\/01\/caja_celulares_colegios_30.jpg 600w, https:\/\/www.palitosdealamo.cl\/wp-content\/uploads\/2026\/01\/caja_celulares_colegios_30-225x300.jpg 225w\" sizes=\"(max-width: 600px) 100vw, 600px\" \/><\/a><\/figure>\n\n\n\n<figure class=\"wp-block-image size-large\"><a href=\"https:\/\/www.palitosdealamo.cl\/wp-content\/uploads\/2026\/02\/caja_celulares_colegios_31.jpg\"><img loading=\"lazy\" decoding=\"async\" width=\"600\" height=\"800\" data-id=\"4068\" src=\"https:\/\/www.palitosdealamo.cl\/wp-content\/uploads\/2026\/02\/caja_celulares_colegios_31.jpg\" alt=\"\" class=\"wp-image-4068\" srcset=\"https:\/\/www.palitosdealamo.cl\/wp-content\/uploads\/2026\/02\/caja_celulares_colegios_31.jpg 600w, https:\/\/www.palitosdealamo.cl\/wp-content\/uploads\/2026\/02\/caja_celulares_colegios_31-225x300.jpg 225w\" sizes=\"(max-width: 600px) 100vw, 600px\" \/><\/a><\/figure>\n\n\n\n<figure class=\"wp-block-image size-large\"><a href=\"https:\/\/www.palitosdealamo.cl\/wp-content\/uploads\/2026\/02\/caja_celulares_colegios_34.jpg\"><img loading=\"lazy\" decoding=\"async\" width=\"600\" height=\"800\" data-id=\"4067\" src=\"https:\/\/www.palitosdealamo.cl\/wp-content\/uploads\/2026\/02\/caja_celulares_colegios_34.jpg\" alt=\"\" class=\"wp-image-4067\" srcset=\"https:\/\/www.palitosdealamo.cl\/wp-content\/uploads\/2026\/02\/caja_celulares_colegios_34.jpg 600w, https:\/\/www.palitosdealamo.cl\/wp-content\/uploads\/2026\/02\/caja_celulares_colegios_34-225x300.jpg 225w\" sizes=\"(max-width: 600px) 100vw, 600px\" \/><\/a><\/figure>\n\n\n\n<figure class=\"wp-block-image size-large\"><a href=\"https:\/\/www.palitosdealamo.cl\/wp-content\/uploads\/2026\/02\/caja_celulares_colegios_35.jpg\"><img loading=\"lazy\" decoding=\"async\" width=\"600\" height=\"800\" data-id=\"4063\" src=\"https:\/\/www.palitosdealamo.cl\/wp-content\/uploads\/2026\/02\/caja_celulares_colegios_35.jpg\" alt=\"\" class=\"wp-image-4063\" srcset=\"https:\/\/www.palitosdealamo.cl\/wp-content\/uploads\/2026\/02\/caja_celulares_colegios_35.jpg 600w, https:\/\/www.palitosdealamo.cl\/wp-content\/uploads\/2026\/02\/caja_celulares_colegios_35-225x300.jpg 225w\" sizes=\"(max-width: 600px) 100vw, 600px\" \/><\/a><\/figure>\n<\/figure>\n\n\n\n<hr class=\"wp-block-separator has-text-color has-white-color has-alpha-channel-opacity has-white-background-color has-background\"\/>\n\n\n\n<p>Las cajas de madera para guardar tel\u00e9fonos celulares son fabricadas completamente en nuestro taller y se elaboran a pedido seg\u00fan los requerimientos de cada cliente.<\/p>\n\n\n\n<hr class=\"wp-block-separator has-text-color has-white-color has-alpha-channel-opacity has-white-background-color has-background\"\/>\n\n\n\n<figure class=\"wp-block-video\"><video controls src=\"https:\/\/www.palitosdealamo.cl\/wp-content\/uploads\/2025\/05\/video_cajas_celular4.mp4\"><\/video><\/figure>\n\n\n\n<hr class=\"wp-block-separator has-text-color has-white-color has-alpha-channel-opacity has-white-background-color has-background\"\/>\n\n\n\n<figure class=\"wp-block-gallery has-nested-images columns-default is-cropped wp-block-gallery-2 is-layout-flex wp-block-gallery-is-layout-flex\">\n<figure class=\"wp-block-image size-large\"><a href=\"https:\/\/www.palitosdealamo.cl\/wp-content\/uploads\/2024\/07\/caja_celulares_colegios_05-1.jpg\"><img loading=\"lazy\" decoding=\"async\" width=\"800\" height=\"600\" data-id=\"3789\" src=\"https:\/\/www.palitosdealamo.cl\/wp-content\/uploads\/2024\/07\/caja_celulares_colegios_05-1.jpg\" alt=\"\" class=\"wp-image-3789\" srcset=\"https:\/\/www.palitosdealamo.cl\/wp-content\/uploads\/2024\/07\/caja_celulares_colegios_05-1.jpg 800w, https:\/\/www.palitosdealamo.cl\/wp-content\/uploads\/2024\/07\/caja_celulares_colegios_05-1-300x225.jpg 300w, https:\/\/www.palitosdealamo.cl\/wp-content\/uploads\/2024\/07\/caja_celulares_colegios_05-1-768x576.jpg 768w\" sizes=\"(max-width: 800px) 100vw, 800px\" \/><\/a><\/figure>\n\n\n\n<figure class=\"wp-block-image size-large\"><a href=\"https:\/\/www.palitosdealamo.cl\/wp-content\/uploads\/2024\/07\/caja_celulares_colegios_06-1.jpg\"><img loading=\"lazy\" decoding=\"async\" width=\"800\" height=\"600\" data-id=\"3787\" src=\"https:\/\/www.palitosdealamo.cl\/wp-content\/uploads\/2024\/07\/caja_celulares_colegios_06-1.jpg\" alt=\"\" class=\"wp-image-3787\" srcset=\"https:\/\/www.palitosdealamo.cl\/wp-content\/uploads\/2024\/07\/caja_celulares_colegios_06-1.jpg 800w, https:\/\/www.palitosdealamo.cl\/wp-content\/uploads\/2024\/07\/caja_celulares_colegios_06-1-300x225.jpg 300w, https:\/\/www.palitosdealamo.cl\/wp-content\/uploads\/2024\/07\/caja_celulares_colegios_06-1-768x576.jpg 768w\" sizes=\"(max-width: 800px) 100vw, 800px\" \/><\/a><\/figure>\n\n\n\n<figure class=\"wp-block-image size-large\"><a href=\"https:\/\/www.palitosdealamo.cl\/wp-content\/uploads\/2024\/07\/caja_celulares_colegios_07-1.jpg\"><img loading=\"lazy\" decoding=\"async\" width=\"800\" height=\"600\" data-id=\"3788\" src=\"https:\/\/www.palitosdealamo.cl\/wp-content\/uploads\/2024\/07\/caja_celulares_colegios_07-1.jpg\" alt=\"\" class=\"wp-image-3788\" srcset=\"https:\/\/www.palitosdealamo.cl\/wp-content\/uploads\/2024\/07\/caja_celulares_colegios_07-1.jpg 800w, https:\/\/www.palitosdealamo.cl\/wp-content\/uploads\/2024\/07\/caja_celulares_colegios_07-1-300x225.jpg 300w, https:\/\/www.palitosdealamo.cl\/wp-content\/uploads\/2024\/07\/caja_celulares_colegios_07-1-768x576.jpg 768w\" sizes=\"(max-width: 800px) 100vw, 800px\" \/><\/a><\/figure>\n\n\n\n<figure class=\"wp-block-image size-large\"><a href=\"https:\/\/www.palitosdealamo.cl\/wp-content\/uploads\/2024\/07\/caja_celulares_colegios_08-1.jpg\"><img loading=\"lazy\" decoding=\"async\" width=\"600\" height=\"800\" data-id=\"3785\" src=\"https:\/\/www.palitosdealamo.cl\/wp-content\/uploads\/2024\/07\/caja_celulares_colegios_08-1.jpg\" alt=\"\" class=\"wp-image-3785\" srcset=\"https:\/\/www.palitosdealamo.cl\/wp-content\/uploads\/2024\/07\/caja_celulares_colegios_08-1.jpg 600w, https:\/\/www.palitosdealamo.cl\/wp-content\/uploads\/2024\/07\/caja_celulares_colegios_08-1-225x300.jpg 225w\" sizes=\"(max-width: 600px) 100vw, 600px\" \/><\/a><\/figure>\n\n\n\n<figure class=\"wp-block-image size-large\"><a href=\"https:\/\/www.palitosdealamo.cl\/wp-content\/uploads\/2024\/07\/caja_celulares_colegios_09-1.jpg\"><img loading=\"lazy\" decoding=\"async\" width=\"800\" height=\"600\" data-id=\"3784\" src=\"https:\/\/www.palitosdealamo.cl\/wp-content\/uploads\/2024\/07\/caja_celulares_colegios_09-1.jpg\" alt=\"\" class=\"wp-image-3784\" srcset=\"https:\/\/www.palitosdealamo.cl\/wp-content\/uploads\/2024\/07\/caja_celulares_colegios_09-1.jpg 800w, https:\/\/www.palitosdealamo.cl\/wp-content\/uploads\/2024\/07\/caja_celulares_colegios_09-1-300x225.jpg 300w, https:\/\/www.palitosdealamo.cl\/wp-content\/uploads\/2024\/07\/caja_celulares_colegios_09-1-768x576.jpg 768w\" sizes=\"(max-width: 800px) 100vw, 800px\" \/><\/a><\/figure>\n\n\n\n<figure class=\"wp-block-image size-large\"><a href=\"https:\/\/www.palitosdealamo.cl\/wp-content\/uploads\/2024\/07\/caja_celulares_colegios_10-1.jpg\"><img loading=\"lazy\" decoding=\"async\" width=\"794\" height=\"800\" data-id=\"3786\" src=\"https:\/\/www.palitosdealamo.cl\/wp-content\/uploads\/2024\/07\/caja_celulares_colegios_10-1.jpg\" alt=\"\" class=\"wp-image-3786\" srcset=\"https:\/\/www.palitosdealamo.cl\/wp-content\/uploads\/2024\/07\/caja_celulares_colegios_10-1.jpg 794w, https:\/\/www.palitosdealamo.cl\/wp-content\/uploads\/2024\/07\/caja_celulares_colegios_10-1-298x300.jpg 298w, https:\/\/www.palitosdealamo.cl\/wp-content\/uploads\/2024\/07\/caja_celulares_colegios_10-1-150x150.jpg 150w, https:\/\/www.palitosdealamo.cl\/wp-content\/uploads\/2024\/07\/caja_celulares_colegios_10-1-768x774.jpg 768w, https:\/\/www.palitosdealamo.cl\/wp-content\/uploads\/2024\/07\/caja_celulares_colegios_10-1-160x160.jpg 160w\" sizes=\"(max-width: 794px) 100vw, 794px\" \/><\/a><\/figure>\n\n\n\n<figure class=\"wp-block-image size-large\"><a href=\"https:\/\/www.palitosdealamo.cl\/wp-content\/uploads\/2024\/07\/caja_celulares_colegios_11-1.jpg\"><img loading=\"lazy\" decoding=\"async\" width=\"600\" height=\"800\" data-id=\"3790\" src=\"https:\/\/www.palitosdealamo.cl\/wp-content\/uploads\/2024\/07\/caja_celulares_colegios_11-1.jpg\" alt=\"\" class=\"wp-image-3790\" srcset=\"https:\/\/www.palitosdealamo.cl\/wp-content\/uploads\/2024\/07\/caja_celulares_colegios_11-1.jpg 600w, https:\/\/www.palitosdealamo.cl\/wp-content\/uploads\/2024\/07\/caja_celulares_colegios_11-1-225x300.jpg 225w\" sizes=\"(max-width: 600px) 100vw, 600px\" \/><\/a><\/figure>\n\n\n\n<figure class=\"wp-block-image size-large\"><a href=\"https:\/\/www.palitosdealamo.cl\/wp-content\/uploads\/2024\/07\/caja_celulares_colegios_12-1.jpg\"><img loading=\"lazy\" decoding=\"async\" width=\"600\" height=\"800\" data-id=\"3791\" src=\"https:\/\/www.palitosdealamo.cl\/wp-content\/uploads\/2024\/07\/caja_celulares_colegios_12-1.jpg\" alt=\"\" class=\"wp-image-3791\" srcset=\"https:\/\/www.palitosdealamo.cl\/wp-content\/uploads\/2024\/07\/caja_celulares_colegios_12-1.jpg 600w, https:\/\/www.palitosdealamo.cl\/wp-content\/uploads\/2024\/07\/caja_celulares_colegios_12-1-225x300.jpg 225w\" sizes=\"(max-width: 600px) 100vw, 600px\" \/><\/a><\/figure>\n\n\n\n<figure class=\"wp-block-image size-large\"><a href=\"https:\/\/www.palitosdealamo.cl\/wp-content\/uploads\/2024\/07\/caja_celulares_colegios_13-1.jpg\"><img loading=\"lazy\" decoding=\"async\" width=\"600\" height=\"800\" data-id=\"3792\" src=\"https:\/\/www.palitosdealamo.cl\/wp-content\/uploads\/2024\/07\/caja_celulares_colegios_13-1.jpg\" alt=\"\" class=\"wp-image-3792\" srcset=\"https:\/\/www.palitosdealamo.cl\/wp-content\/uploads\/2024\/07\/caja_celulares_colegios_13-1.jpg 600w, https:\/\/www.palitosdealamo.cl\/wp-content\/uploads\/2024\/07\/caja_celulares_colegios_13-1-225x300.jpg 225w\" sizes=\"(max-width: 600px) 100vw, 600px\" \/><\/a><\/figure>\n\n\n\n<figure class=\"wp-block-image size-large\"><a href=\"https:\/\/www.palitosdealamo.cl\/wp-content\/uploads\/2024\/07\/caja_celulares_colegios_14.jpg\"><img loading=\"lazy\" decoding=\"async\" width=\"600\" height=\"800\" data-id=\"3793\" src=\"https:\/\/www.palitosdealamo.cl\/wp-content\/uploads\/2024\/07\/caja_celulares_colegios_14.jpg\" alt=\"\" class=\"wp-image-3793\" srcset=\"https:\/\/www.palitosdealamo.cl\/wp-content\/uploads\/2024\/07\/caja_celulares_colegios_14.jpg 600w, https:\/\/www.palitosdealamo.cl\/wp-content\/uploads\/2024\/07\/caja_celulares_colegios_14-225x300.jpg 225w\" sizes=\"(max-width: 600px) 100vw, 600px\" \/><\/a><\/figure>\n\n\n\n<figure class=\"wp-block-image size-large\"><a href=\"https:\/\/www.palitosdealamo.cl\/wp-content\/uploads\/2024\/07\/caja_celulares_colegios_15.jpg\"><img loading=\"lazy\" decoding=\"async\" width=\"600\" height=\"800\" data-id=\"3794\" src=\"https:\/\/www.palitosdealamo.cl\/wp-content\/uploads\/2024\/07\/caja_celulares_colegios_15.jpg\" alt=\"\" class=\"wp-image-3794\" srcset=\"https:\/\/www.palitosdealamo.cl\/wp-content\/uploads\/2024\/07\/caja_celulares_colegios_15.jpg 600w, https:\/\/www.palitosdealamo.cl\/wp-content\/uploads\/2024\/07\/caja_celulares_colegios_15-225x300.jpg 225w\" sizes=\"(max-width: 600px) 100vw, 600px\" \/><\/a><\/figure>\n\n\n\n<figure class=\"wp-block-image size-large\"><a href=\"https:\/\/www.palitosdealamo.cl\/wp-content\/uploads\/2024\/07\/caja_celulares_colegios_16.jpg\"><img loading=\"lazy\" decoding=\"async\" width=\"800\" height=\"600\" data-id=\"3795\" src=\"https:\/\/www.palitosdealamo.cl\/wp-content\/uploads\/2024\/07\/caja_celulares_colegios_16.jpg\" alt=\"\" class=\"wp-image-3795\" srcset=\"https:\/\/www.palitosdealamo.cl\/wp-content\/uploads\/2024\/07\/caja_celulares_colegios_16.jpg 800w, https:\/\/www.palitosdealamo.cl\/wp-content\/uploads\/2024\/07\/caja_celulares_colegios_16-300x225.jpg 300w, https:\/\/www.palitosdealamo.cl\/wp-content\/uploads\/2024\/07\/caja_celulares_colegios_16-768x576.jpg 768w\" sizes=\"(max-width: 800px) 100vw, 800px\" \/><\/a><\/figure>\n<\/figure>\n","protected":false},"excerpt":{"rendered":"<p>Caja de madera compartimentada y numerada ideal para que los alumnos de colegio puedan guardar sus tel\u00e9fonos m\u00f3viles al comienzo de la clase y luego retirarlos al final de la clase. Est\u00e1 elaborado en madera terciada, cuenta con una puerta con cubierta de vidrio y un cierre met\u00e1lico para candado. Puede llevar grabado el logotipo [&hellip;]<\/p>\n","protected":false},"author":1,"featured_media":0,"parent":0,"menu_order":0,"comment_status":"closed","ping_status":"closed","template":"","meta":{"content-type":"","footnotes":""},"_links":{"self":[{"href":"https:\/\/www.palitosdealamo.cl\/index.php?rest_route=\/wp\/v2\/pages\/3771"}],"collection":[{"href":"https:\/\/www.palitosdealamo.cl\/index.php?rest_route=\/wp\/v2\/pages"}],"about":[{"href":"https:\/\/www.palitosdealamo.cl\/index.php?rest_route=\/wp\/v2\/types\/page"}],"author":[{"embeddable":true,"href":"https:\/\/www.palitosdealamo.cl\/index.php?rest_route=\/wp\/v2\/users\/1"}],"replies":[{"embeddable":true,"href":"https:\/\/www.palitosdealamo.cl\/index.php?rest_route=%2Fwp%2Fv2%2Fcomments&post=3771"}],"version-history":[{"count":19,"href":"https:\/\/www.palitosdealamo.cl\/index.php?rest_route=\/wp\/v2\/pages\/3771\/revisions"}],"predecessor-version":[{"id":4071,"href":"https:\/\/www.palitosdealamo.cl\/index.php?rest_route=\/wp\/v2\/pages\/3771\/revisions\/4071"}],"wp:attachment":[{"href":"https:\/\/www.palitosdealamo.cl\/index.php?rest_route=%2Fwp%2Fv2%2Fmedia&parent=3771"}],"curies":[{"name":"wp","href":"https:\/\/api.w.org\/{rel}","templated":true}]}}