{"id":2459,"date":"2022-02-07T22:25:41","date_gmt":"2022-02-07T22:25:41","guid":{"rendered":"http:\/\/www.palitosdealamo.cl\/?page_id=2459"},"modified":"2022-02-07T23:00:16","modified_gmt":"2022-02-07T23:00:16","slug":"almohadillas-cosecheras","status":"publish","type":"page","link":"https:\/\/www.palitosdealamo.cl\/?page_id=2459","title":{"rendered":"Almohadillas Cosecheras"},"content":{"rendered":"\n<div class=\"wp-block-image\"><figure class=\"aligncenter\"><img loading=\"lazy\" decoding=\"async\" width=\"1024\" height=\"146\" src=\"http:\/\/www.palitosdealamo.cl\/wp-content\/uploads\/2022\/02\/banner-1024x146.jpg\" alt=\"\" class=\"wp-image-2461\" srcset=\"https:\/\/www.palitosdealamo.cl\/wp-content\/uploads\/2022\/02\/banner-1024x146.jpg 1024w, https:\/\/www.palitosdealamo.cl\/wp-content\/uploads\/2022\/02\/banner-300x43.jpg 300w, https:\/\/www.palitosdealamo.cl\/wp-content\/uploads\/2022\/02\/banner-768x110.jpg 768w, https:\/\/www.palitosdealamo.cl\/wp-content\/uploads\/2022\/02\/banner.jpg 1920w\" sizes=\"(max-width: 1024px) 100vw, 1024px\" \/><\/figure><\/div>\n\n\n\n<h5 class=\"wp-block-heading\" style=\"text-align:center\">ES TIEMPO DE COSECHAS<\/h5>\n\n\n\n<p style=\"text-align:center\">ALMOHADILLAS DE VIRUTA DE MADERA PARA QUE TU COSECHA NO SE DA\u00d1E Y RINDA M\u00c1S ESTA TEMPORADA<\/p>\n\n\n\n<div class=\"wp-block-columns has-2-columns is-layout-flex wp-container-core-columns-is-layout-1 wp-block-columns-is-layout-flex\">\n<div class=\"wp-block-column is-layout-flow wp-block-column-is-layout-flow\">\n<div class=\"wp-block-image\"><figure class=\"aligncenter\"><img loading=\"lazy\" decoding=\"async\" width=\"800\" height=\"600\" src=\"http:\/\/www.palitosdealamo.cl\/wp-content\/uploads\/2022\/02\/almohadillas_cosecheras_03.jpg\" alt=\"\" class=\"wp-image-2466\" srcset=\"https:\/\/www.palitosdealamo.cl\/wp-content\/uploads\/2022\/02\/almohadillas_cosecheras_03.jpg 800w, https:\/\/www.palitosdealamo.cl\/wp-content\/uploads\/2022\/02\/almohadillas_cosecheras_03-300x225.jpg 300w, https:\/\/www.palitosdealamo.cl\/wp-content\/uploads\/2022\/02\/almohadillas_cosecheras_03-768x576.jpg 768w\" sizes=\"(max-width: 800px) 100vw, 800px\" \/><\/figure><\/div>\n<\/div>\n\n\n\n<div class=\"wp-block-column is-layout-flow wp-block-column-is-layout-flow\">\n<div class=\"wp-block-image\"><figure class=\"aligncenter\"><img loading=\"lazy\" decoding=\"async\" width=\"800\" height=\"600\" src=\"http:\/\/www.palitosdealamo.cl\/wp-content\/uploads\/2022\/02\/almohadillas_cosecheras_04.jpg\" alt=\"\" class=\"wp-image-2472\" srcset=\"https:\/\/www.palitosdealamo.cl\/wp-content\/uploads\/2022\/02\/almohadillas_cosecheras_04.jpg 800w, https:\/\/www.palitosdealamo.cl\/wp-content\/uploads\/2022\/02\/almohadillas_cosecheras_04-300x225.jpg 300w, https:\/\/www.palitosdealamo.cl\/wp-content\/uploads\/2022\/02\/almohadillas_cosecheras_04-768x576.jpg 768w\" sizes=\"(max-width: 800px) 100vw, 800px\" \/><\/figure><\/div>\n<\/div>\n<\/div>\n\n\n\n<div class=\"wp-block-columns has-2-columns is-layout-flex wp-container-core-columns-is-layout-2 wp-block-columns-is-layout-flex\">\n<div class=\"wp-block-column is-layout-flow wp-block-column-is-layout-flow\">\n<div class=\"wp-block-image\"><figure class=\"aligncenter\"><img loading=\"lazy\" decoding=\"async\" width=\"800\" height=\"600\" src=\"http:\/\/www.palitosdealamo.cl\/wp-content\/uploads\/2022\/02\/almohadillas_cosecheras_01.jpg\" alt=\"\" class=\"wp-image-2464\" srcset=\"https:\/\/www.palitosdealamo.cl\/wp-content\/uploads\/2022\/02\/almohadillas_cosecheras_01.jpg 800w, https:\/\/www.palitosdealamo.cl\/wp-content\/uploads\/2022\/02\/almohadillas_cosecheras_01-300x225.jpg 300w, https:\/\/www.palitosdealamo.cl\/wp-content\/uploads\/2022\/02\/almohadillas_cosecheras_01-768x576.jpg 768w\" sizes=\"(max-width: 800px) 100vw, 800px\" \/><\/figure><\/div>\n<\/div>\n\n\n\n<div class=\"wp-block-column is-layout-flow wp-block-column-is-layout-flow\">\n<div class=\"wp-block-image\"><figure class=\"aligncenter\"><img loading=\"lazy\" decoding=\"async\" width=\"800\" height=\"600\" src=\"http:\/\/www.palitosdealamo.cl\/wp-content\/uploads\/2022\/02\/almohadillas_cosecheras_02.jpg\" alt=\"\" class=\"wp-image-2465\" srcset=\"https:\/\/www.palitosdealamo.cl\/wp-content\/uploads\/2022\/02\/almohadillas_cosecheras_02.jpg 800w, https:\/\/www.palitosdealamo.cl\/wp-content\/uploads\/2022\/02\/almohadillas_cosecheras_02-300x225.jpg 300w, https:\/\/www.palitosdealamo.cl\/wp-content\/uploads\/2022\/02\/almohadillas_cosecheras_02-768x576.jpg 768w\" sizes=\"(max-width: 800px) 100vw, 800px\" \/><\/figure><\/div>\n<\/div>\n<\/div>\n\n\n\n<p style=\"text-align:center\" class=\"has-normal-font-size\">En HT fabricamos almohadillas de viruta de madera ideales para proteger la fruta durante la actividad de la cosecha, para evitar que se da\u00f1e durante la recolecci\u00f3n. La viruta de madera es el mejor material para amortiguar la ca\u00edda de la fruta.<\/p>\n\n\n\n<p style=\"text-align:center\" class=\"has-normal-font-size\">Realiza tu pedido y logra un mayor rendimiento en la cosecha de frutas de este a\u00f1o.<\/p>\n\n\n\n<div class=\"wp-block-columns has-2-columns is-layout-flex wp-container-core-columns-is-layout-3 wp-block-columns-is-layout-flex\">\n<div class=\"wp-block-column is-layout-flow wp-block-column-is-layout-flow\">\n<p><\/p>\n<\/div>\n\n\n\n<div class=\"wp-block-column is-layout-flow wp-block-column-is-layout-flow\"><\/div>\n<\/div>\n","protected":false},"excerpt":{"rendered":"<p>ES TIEMPO DE COSECHAS ALMOHADILLAS DE VIRUTA DE MADERA PARA QUE TU COSECHA NO SE DA\u00d1E Y RINDA M\u00c1S ESTA TEMPORADA En HT fabricamos almohadillas de viruta de madera ideales para proteger la fruta durante la actividad de la cosecha, para evitar que se da\u00f1e durante la recolecci\u00f3n. La viruta de madera es el mejor [&hellip;]<\/p>\n","protected":false},"author":1,"featured_media":0,"parent":0,"menu_order":0,"comment_status":"closed","ping_status":"closed","template":"","meta":{"content-type":"","footnotes":""},"_links":{"self":[{"href":"https:\/\/www.palitosdealamo.cl\/index.php?rest_route=\/wp\/v2\/pages\/2459"}],"collection":[{"href":"https:\/\/www.palitosdealamo.cl\/index.php?rest_route=\/wp\/v2\/pages"}],"about":[{"href":"https:\/\/www.palitosdealamo.cl\/index.php?rest_route=\/wp\/v2\/types\/page"}],"author":[{"embeddable":true,"href":"https:\/\/www.palitosdealamo.cl\/index.php?rest_route=\/wp\/v2\/users\/1"}],"replies":[{"embeddable":true,"href":"https:\/\/www.palitosdealamo.cl\/index.php?rest_route=%2Fwp%2Fv2%2Fcomments&post=2459"}],"version-history":[{"count":6,"href":"https:\/\/www.palitosdealamo.cl\/index.php?rest_route=\/wp\/v2\/pages\/2459\/revisions"}],"predecessor-version":[{"id":2473,"href":"https:\/\/www.palitosdealamo.cl\/index.php?rest_route=\/wp\/v2\/pages\/2459\/revisions\/2473"}],"wp:attachment":[{"href":"https:\/\/www.palitosdealamo.cl\/index.php?rest_route=%2Fwp%2Fv2%2Fmedia&parent=2459"}],"curies":[{"name":"wp","href":"https:\/\/api.w.org\/{rel}","templated":true}]}}