{"id":3078,"date":"2024-01-02T23:08:47","date_gmt":"2024-01-02T23:08:47","guid":{"rendered":"https:\/\/www.palitosdealamo.cl\/?page_id=3078"},"modified":"2024-01-19T21:24:50","modified_gmt":"2024-01-19T21:24:50","slug":"nosotros","status":"publish","type":"page","link":"http:\/\/www.palitosdealamo.cl\/?page_id=3078","title":{"rendered":"Nosotros"},"content":{"rendered":"\n<div class=\"wp-block-columns is-layout-flex wp-container-core-columns-is-layout-2 wp-block-columns-is-layout-flex\">\n<div class=\"wp-block-column is-layout-flow wp-block-column-is-layout-flow\">\n<p>Productos HT, fundado en 1965 por Don Jos\u00e9 Hern\u00e1n Terraza, quien comenz\u00f3 entregando al mercado productos elaborados en madera natural de \u00e1lamo seleccionado, provenientes de bosques certificados de nuestro pa\u00eds. Garantizando as\u00ed un producto de real calidad&nbsp; y seguridad en su uso, valorada por nuestros fieles clientes, convirti\u00e9ndonos con el tiempo en el principal distribuidor de distintos tipos de paletas de madera.<\/p>\n\n\n\n<p>Nuestros Productos se pueden utilizar en el \u00e1rea cosm\u00e9tica, como paletas revolvedoras de cremas y pinturas. Como material did\u00e1ctico en colegios y jardines infantiles. Cafeter\u00edas como revolvedor de t\u00e9 o caf\u00e9, o restaurantes con los infaltables&nbsp;<strong>palitos de comida china<\/strong>. Palitos&nbsp;<strong>especialmente calibrados<\/strong>&nbsp;para fabricaci\u00f3n de helados y confites. En elaboraci\u00f3n de maquetas. Tambi\u00e9n en el \u00e1rea m\u00e9dica, con productos como el tradicional palito&nbsp;<strong>bajalenguas.<\/strong><\/p>\n\n\n\n<p>HT cuenta con un&nbsp;<strong>stock constante de productos<\/strong>&nbsp;en el area&nbsp;<strong>educativa<\/strong>&nbsp;(palitos y palotines), en el area de&nbsp;<strong>alimentos<\/strong>&nbsp;(palitos calibrados, paletas mieleras),&nbsp;<strong>maqueter\u00eda<\/strong>&nbsp;(palitos de maqueta) y&nbsp;<strong>cosm\u00e9tica<\/strong>&nbsp;(paletas de depilaci\u00f3n). Adem\u00e1s,&nbsp;<strong>desarrollamos productos<\/strong>&nbsp;<strong>en madera nativa a pedido<\/strong>, para utilizarse como regalos publicitarios y merchandising. Contamos con una gran diversidad de proyectos desarrollados que abarcan desde las cajas de madera para regalo hasta productos de escritorio o peque\u00f1os souvenirs como peque\u00f1os llaveros.<\/p>\n\n\n\n<h4 class=\"wp-block-heading has-medium-font-size\">Encu\u00e9ntranos en\u00a0 Venecia 1490 \u2013 Comuna de Independencia \u2013 Santiago<\/h4>\n\n\n\n<hr class=\"wp-block-separator has-alpha-channel-opacity\"\/>\n\n\n\n<div class=\"wp-block-columns is-layout-flex wp-container-core-columns-is-layout-1 wp-block-columns-is-layout-flex\">\n<div class=\"wp-block-column is-layout-flow wp-block-column-is-layout-flow\"><p><iframe src=\"https:\/\/www.google.com\/maps\/embed?pb=!1m18!1m12!1m3!1d3330.5740680630934!2d-70.66393192519703!3d-33.40827477340622!2m3!1f0!2f0!3f0!3m2!1i1024!2i768!4f13.1!3m3!1m2!1s0x9662c5d6e911bb6b%3A0x1e495197b5aa01dc!2sC.%20Venecia%201490%2C%208380170%20Independencia%2C%20Regi%C3%B3n%20Metropolitana!5e0!3m2!1ses!2scl!4v1704240747414!5m2!1ses!2scl\" width=\"100%\" height=\"450\" style=\"border:0;\" allowfullscreen=\"\" loading=\"lazy\" referrerpolicy=\"no-referrer-when-downgrade\"><\/iframe><\/p>\n<\/div>\n<\/div>\n<\/div>\n<\/div>\n\n\n\n<div class=\"wp-block-columns is-layout-flex wp-container-core-columns-is-layout-3 wp-block-columns-is-layout-flex\">\n<div class=\"wp-block-column is-layout-flow wp-block-column-is-layout-flow\"><\/div>\n<\/div>\n","protected":false},"excerpt":{"rendered":"<p>Productos HT, fundado en 1965 por Don Jos\u00e9 Hern\u00e1n Terraza, quien comenz\u00f3 entregando al mercado productos elaborados en madera natural de \u00e1lamo seleccionado, provenientes de bosques certificados de nuestro pa\u00eds. Garantizando as\u00ed un producto de real calidad&nbsp; y seguridad en su uso, valorada por nuestros fieles clientes, convirti\u00e9ndonos con el tiempo en el principal distribuidor [&hellip;]<\/p>\n","protected":false},"author":1,"featured_media":0,"parent":0,"menu_order":0,"comment_status":"closed","ping_status":"closed","template":"","meta":{"content-type":"","footnotes":""},"_links":{"self":[{"href":"http:\/\/www.palitosdealamo.cl\/index.php?rest_route=\/wp\/v2\/pages\/3078"}],"collection":[{"href":"http:\/\/www.palitosdealamo.cl\/index.php?rest_route=\/wp\/v2\/pages"}],"about":[{"href":"http:\/\/www.palitosdealamo.cl\/index.php?rest_route=\/wp\/v2\/types\/page"}],"author":[{"embeddable":true,"href":"http:\/\/www.palitosdealamo.cl\/index.php?rest_route=\/wp\/v2\/users\/1"}],"replies":[{"embeddable":true,"href":"http:\/\/www.palitosdealamo.cl\/index.php?rest_route=%2Fwp%2Fv2%2Fcomments&post=3078"}],"version-history":[{"count":10,"href":"http:\/\/www.palitosdealamo.cl\/index.php?rest_route=\/wp\/v2\/pages\/3078\/revisions"}],"predecessor-version":[{"id":3150,"href":"http:\/\/www.palitosdealamo.cl\/index.php?rest_route=\/wp\/v2\/pages\/3078\/revisions\/3150"}],"wp:attachment":[{"href":"http:\/\/www.palitosdealamo.cl\/index.php?rest_route=%2Fwp%2Fv2%2Fmedia&parent=3078"}],"curies":[{"name":"wp","href":"https:\/\/api.w.org\/{rel}","templated":true}]}}