{"id":1548,"date":"2020-03-05T01:23:21","date_gmt":"2020-03-05T01:23:21","guid":{"rendered":"http:\/\/www.palitosdealamo.cl\/?page_id=1548"},"modified":"2024-01-19T21:39:09","modified_gmt":"2024-01-19T21:39:09","slug":"bandejas-y-tablas","status":"publish","type":"page","link":"http:\/\/www.palitosdealamo.cl\/?page_id=1548","title":{"rendered":"Alcuzas, Bandejas y Tablas"},"content":{"rendered":"<p style=\"text-align: left;\">En HT fabricamos todo tipo de bandejas de madera. Estas bandejas vienen en 3 medidas. Tambi\u00e9n contamos con todo tipo de dise\u00f1os de bandejas a pedido, con grabado l\u00e1ser y terminaciones espaciales.<\/p>\n<p><img loading=\"lazy\" decoding=\"async\" class=\"alignnone wp-image-1551\" src=\"http:\/\/www.palitosdealamo.cl\/wp-content\/uploads\/2020\/03\/bandeja-madera-03-300x180.jpg\" alt=\"\" width=\"350\" height=\"210\" srcset=\"http:\/\/www.palitosdealamo.cl\/wp-content\/uploads\/2020\/03\/bandeja-madera-03-300x180.jpg 300w, http:\/\/www.palitosdealamo.cl\/wp-content\/uploads\/2020\/03\/bandeja-madera-03.jpg 500w\" sizes=\"(max-width: 350px) 100vw, 350px\" \/> <img loading=\"lazy\" decoding=\"async\" class=\"alignnone wp-image-1550\" src=\"http:\/\/www.palitosdealamo.cl\/wp-content\/uploads\/2020\/03\/bandeja-madera-02-300x180.jpg\" alt=\"\" width=\"350\" height=\"210\" srcset=\"http:\/\/www.palitosdealamo.cl\/wp-content\/uploads\/2020\/03\/bandeja-madera-02-300x180.jpg 300w, http:\/\/www.palitosdealamo.cl\/wp-content\/uploads\/2020\/03\/bandeja-madera-02.jpg 500w\" sizes=\"(max-width: 350px) 100vw, 350px\" \/> <img loading=\"lazy\" decoding=\"async\" class=\"alignnone wp-image-1549\" src=\"http:\/\/www.palitosdealamo.cl\/wp-content\/uploads\/2020\/03\/bandeja-madera-01-300x180.jpg\" alt=\"\" width=\"350\" height=\"210\" srcset=\"http:\/\/www.palitosdealamo.cl\/wp-content\/uploads\/2020\/03\/bandeja-madera-01-300x180.jpg 300w, http:\/\/www.palitosdealamo.cl\/wp-content\/uploads\/2020\/03\/bandeja-madera-01.jpg 500w\" sizes=\"(max-width: 350px) 100vw, 350px\" \/><\/p>\n<h4 style=\"text-align: center;\"><span style=\"font-size: 24px;\">PRODUCTOS A PEDIDO<\/span><\/h4>\n<p style=\"text-align: center;\">Traiga sus ideas y cotice su proyecto con nosotros. Cada producto se cotiza seg\u00fan los requerimientos especiales de cada uno. En nuestro cat\u00e1logo podr\u00e1 ver una muestra de los trabajos que hemos realizado para distintos clientes.<\/p>\n<h5><\/h5>\n<p style=\"text-align: center;\"><img loading=\"lazy\" decoding=\"async\" class=\"alignnone wp-image-1669 size-full\" src=\"http:\/\/www.palitosdealamo.cl\/wp-content\/uploads\/2020\/03\/bandejas-tablas-madera-pedido.jpg\" alt=\"\" width=\"698\" height=\"250\" srcset=\"http:\/\/www.palitosdealamo.cl\/wp-content\/uploads\/2020\/03\/bandejas-tablas-madera-pedido.jpg 698w, http:\/\/www.palitosdealamo.cl\/wp-content\/uploads\/2020\/03\/bandejas-tablas-madera-pedido-300x107.jpg 300w\" sizes=\"(max-width: 698px) 100vw, 698px\" \/><\/p>\n<p style=\"text-align: center;\"><a href=\"http:\/\/www.palitosdealamo.cl\/catalogo-online\/catalogo-alcuzas-bandejas-tablas.html\" target=\"_blank\" rel=\"noopener noreferrer\">VER CATALOGO EN LINEA<\/a>\u00a0 \u00a0 <a href=\"http:\/\/www.palitosdealamo.cl\/catalogo-pdf\/HT-alcuzas-bandejas-tablas.pdf\" target=\"_blank\" rel=\"noopener noreferrer\">DESCARGAR PDF<\/a><\/p>\n","protected":false},"excerpt":{"rendered":"<p>En HT fabricamos todo tipo de bandejas de madera. Estas bandejas vienen en 3 medidas. Tambi\u00e9n contamos con todo tipo de dise\u00f1os de bandejas a pedido, con grabado l\u00e1ser y terminaciones espaciales. PRODUCTOS A PEDIDO Traiga sus ideas y cotice su proyecto con nosotros. Cada producto se cotiza seg\u00fan los requerimientos especiales de cada uno. [&hellip;]<\/p>\n","protected":false},"author":1,"featured_media":0,"parent":0,"menu_order":0,"comment_status":"closed","ping_status":"closed","template":"","meta":{"content-type":"","footnotes":""},"_links":{"self":[{"href":"http:\/\/www.palitosdealamo.cl\/index.php?rest_route=\/wp\/v2\/pages\/1548"}],"collection":[{"href":"http:\/\/www.palitosdealamo.cl\/index.php?rest_route=\/wp\/v2\/pages"}],"about":[{"href":"http:\/\/www.palitosdealamo.cl\/index.php?rest_route=\/wp\/v2\/types\/page"}],"author":[{"embeddable":true,"href":"http:\/\/www.palitosdealamo.cl\/index.php?rest_route=\/wp\/v2\/users\/1"}],"replies":[{"embeddable":true,"href":"http:\/\/www.palitosdealamo.cl\/index.php?rest_route=%2Fwp%2Fv2%2Fcomments&post=1548"}],"version-history":[{"count":23,"href":"http:\/\/www.palitosdealamo.cl\/index.php?rest_route=\/wp\/v2\/pages\/1548\/revisions"}],"predecessor-version":[{"id":3169,"href":"http:\/\/www.palitosdealamo.cl\/index.php?rest_route=\/wp\/v2\/pages\/1548\/revisions\/3169"}],"wp:attachment":[{"href":"http:\/\/www.palitosdealamo.cl\/index.php?rest_route=%2Fwp%2Fv2%2Fmedia&parent=1548"}],"curies":[{"name":"wp","href":"https:\/\/api.w.org\/{rel}","templated":true}]}}

<p style="text-align: left;">En HT fabricamos todo tipo de bandejas de madera. Estas bandejas vienen en 3 medidas. También contamos con todo tipo de diseños de bandejas a pedido, con grabado láser y terminaciones espaciales.</p>
<p><img loading="lazy" decoding="async" class="alignnone wp-image-1551" src="http://www.palitosdealamo.cl/wp-content/uploads/2020/03/bandeja-madera-03-300x180.jpg" alt="" width="350" height="210" srcset="http://www.palitosdealamo.cl/wp-content/uploads/2020/03/bandeja-madera-03-300x180.jpg 300w, http://www.palitosdealamo.cl/wp-content/uploads/2020/03/bandeja-madera-03.jpg 500w" sizes="(max-width: 350px) 100vw, 350px" /> <img loading="lazy" decoding="async" class="alignnone wp-image-1550" src="http://www.palitosdealamo.cl/wp-content/uploads/2020/03/bandeja-madera-02-300x180.jpg" alt="" width="350" height="210" srcset="http://www.palitosdealamo.cl/wp-content/uploads/2020/03/bandeja-madera-02-300x180.jpg 300w, http://www.palitosdealamo.cl/wp-content/uploads/2020/03/bandeja-madera-02.jpg 500w" sizes="(max-width: 350px) 100vw, 350px" /> <img loading="lazy" decoding="async" class="alignnone wp-image-1549" src="http://www.palitosdealamo.cl/wp-content/uploads/2020/03/bandeja-madera-01-300x180.jpg" alt="" width="350" height="210" srcset="http://www.palitosdealamo.cl/wp-content/uploads/2020/03/bandeja-madera-01-300x180.jpg 300w, http://www.palitosdealamo.cl/wp-content/uploads/2020/03/bandeja-madera-01.jpg 500w" sizes="(max-width: 350px) 100vw, 350px" /></p>
<h4 style="text-align: center;"><span style="font-size: 24px;">PRODUCTOS A PEDIDO</span></h4>
<p style="text-align: center;">Traiga sus ideas y cotice su proyecto con nosotros. Cada producto se cotiza según los requerimientos especiales de cada uno. En nuestro catálogo podrá ver una muestra de los trabajos que hemos realizado para distintos clientes.</p>
<h5></h5>
<p style="text-align: center;"><img loading="lazy" decoding="async" class="alignnone wp-image-1669 size-full" src="http://www.palitosdealamo.cl/wp-content/uploads/2020/03/bandejas-tablas-madera-pedido.jpg" alt="" width="698" height="250" srcset="http://www.palitosdealamo.cl/wp-content/uploads/2020/03/bandejas-tablas-madera-pedido.jpg 698w, http://www.palitosdealamo.cl/wp-content/uploads/2020/03/bandejas-tablas-madera-pedido-300x107.jpg 300w" sizes="(max-width: 698px) 100vw, 698px" /></p>
<p style="text-align: center;"><a href="http://www.palitosdealamo.cl/catalogo-online/catalogo-alcuzas-bandejas-tablas.html" target="_blank" rel="noopener noreferrer">VER CATALOGO EN LINEA</a>    <a href="http://www.palitosdealamo.cl/catalogo-pdf/HT-alcuzas-bandejas-tablas.pdf" target="_blank" rel="noopener noreferrer">DESCARGAR PDF</a></p>

<p>En HT fabricamos todo tipo de bandejas de madera. Estas bandejas vienen en 3 medidas. También contamos con todo tipo de diseños de bandejas a pedido, con grabado láser y terminaciones espaciales. PRODUCTOS A PEDIDO Traiga sus ideas y cotice su proyecto con nosotros. Cada producto se cotiza según los requerimientos especiales de cada uno. [&hellip;]</p>
